lculate 17 + (-5 - (-4 + 45)) - 5.
-34
Calculate 2 - (0 - 17) - (-111 - (-82 + -28)).
20
What is the value of 1 - (-3 - -1) - (-12 + 2 + 8 + -2)?
7
(1 - -116) + 44 + -13 + -41 + 8 + 7
122
What is 361 + -120 - 104 - 71?
66
Evaluate -8 + (-1 - (9 + (-4 + 14 - -35) + -6)).
-57
What is the value of -92 + -18 + (21 - 23) + 22?
-90
What is the value of 48 - (11 - (-21 + 16) - -7 - 16 - -1)?
40
7 + -11 + (3 - -9 - 10 - 3)
-5
What is -168 + (-26 + 174 - 65)?
-85
83 - (28 + (59 - 58))
54
What is the value of 8 - (-1 + -4) - (-54 - 10 - (-19 + 3))?
61
What is (-28 - -55 - 144) + (0 - 14) - (19 + -24)?
-126
What is -36 - (-41 + 73 - 53)?
-15
What is 1 - (17 - 16) - -54?
54
(-14 - -2 - (-162 + 149)) + 66
67
Calculate -8 + (11 - -11) + 3 + -16.
1
What is -11 + 42 + -10 - (4 + 0)?
17
What is (135 - 92) + -2 + -19 + -52?
-30
Calculate (-17 - -37) + -9 - (46 + 3).
-38
What is the value of -108 - (-79 + -7) - (-1 - 21) - -17?
17
What is the value of (-5 - 8) + -252 + 353?
88
Calculate 42 - -78 - (115 + -75).
80
-13 + 11 + (-81 - -7 - 2) - (-78 + 73)
-73
What is the value of 33 + (-156 - -162 - (3 + -3 - 4)) - 1?
42
What is the value of 41 - (-17 + -3 + 7 - -9 - 1)?
46
(3 + -2 - -24) + (2951 - 2940)
36
What is the value of 1 + -28 + 16 + 81?
70
What is -40 - (-12 + -53 + 70)?
-45
What is -4 - (87 + -47 - -26 - (-10 + 1))?
-79
What is the value of -59 + 20 + 15 + 24?
0
Calculate 103 - 140 - (16 + -24).
-29
What is 0 + 13 + (-34 - -32) + (3 - 81)?
-67
Calculate -31 - -21 - (-4 - 37) - (-19 + -4).
54
What is the value of 1 + (2 - 13) + (-186 - (-381 + 88))?
97
Calculate 170 + -174 + (-53 - (6 + 3)) + -6.
-72
Evaluate 4 + 0 - (15 + 22 - (38 - -4)).
9
What is -8 + (17 - -1 - (-134 + 144))?
0
Calculate -1 + -5 + 20 + -27 + (-26 - -34) + 23.
18
Evaluate -2 + -66 + -52 + (38 - -28).
-54
Evaluate -18 + 16 - (1 + -84 - 1 - -2).
80
What is the value of -38 - (-23 - (-17 + -20 + 12) - (6 - -2))?
-32
21 - (-9 + 61 + (35 - 25))
-41
What is -3 + (-3 - -16) + (-6 + 11 - 16)?
-1
-65 + 1 - (-795 - -795)
-64
What is -44 - -45 - (-6 + 7 - -34)?
-34
Calculate 6 - (9 + -12) - (-63 - -103).
-31
(-6 - -53) + -16 + 39 + 6 + 2
78
(-1 - -1) + 1263 + -1267 - (41 - (-2 + 0))
-47
Calculate (-4 + 1 - 2 - (0 - 0)) + -91 + 50.
-46
What is 20 + -24 - ((-2 + 3 - -41) + 2 + -1)?
-47
Evaluate 106 + -167 + 2 + 13 + -8 + 20.
-34
What is -9 + (-36 - (-24 + 5 + 40))?
-66
Evaluate 2 + (-7 - ((11 + 0 - 1) + -11)).
-4
Evaluate -7798 + 7804 + (4 + -5 + 15 - (-1 + 1)).
20
What is the value of 36 - 34 - (2 - (-49 + -2)) - (-116 + 109)?
-44
What is the value of 0 - -33 - (11 + -16 + 19)?
19
31 + -21 + 0 + 17 + -8 + 4
23
Calculate 37 - (-10 + 22) - (12 - (-1 + 0)) - -110.
122
-419 + 321 - (1 - (0 - 8))
-107
43 + (-5 - -4 - -3) - (-428 - -419)
54
-117 + -66 + 208 + 0 + 41
66
What is 0 + (-1 - (-36 + 6 + 2)) + 12 + -6?
33
-8 + 6 + -6 + (0 - -8) + 17
17
Calculate -31 + -2 + 2 + (-315 - -297).
-49
What is (5 - -27) + 3 - 13 - -3?
25
Calculate 63 - (47 - (-63 - -96)).
49
Evaluate (0 - -23) + -30 + -10 + 28 + 5.
16
(1 - -5 - (-51 - -64 - 21) - 1) + 41
54
What is the value of 41 + -33 + 1 + 4 - 24 - -48?
37
Evaluate 0 + 2 - -34 - (76706 + -76597).
-73
What is the value of -88 + 16 + 96 - (-19 + 1)?
42
1 + (-5 - (0 + 3)) + -1 + (-23 - -81)
50
Calculate -12 + 65 + -19 + -46.
-12
-101 + 9 + ((23 - 45) + 25 - -14)
-75
What is 10 + 1 - (3333 + -3283)?
-39
What is 37 - (20 - (-6 + -120))?
-109
Evaluate 24 + 30 + (-74 - -34).
14
What is the value of -4182 + 4223 - (-1 - 0)?
42
Calculate (1 - (9 - 2) - 2) + -169 + 117.
-60
What is 10 - 1 - (88 + -145 + 77)?
-11
What is the value of (1181 - 1222) + 1 + -4?
-44
-56 + (-1628 - -1601 - (-35 + -1))
-47
What is the value of (-7 - 8) + 28 + -12 + -3?
-2
What is (-1 - 2) + 0 + 6 + -11 + 70 + -72?
-10
Calculate (484 - 511) + 41 + 2 + -73.
-57
Evaluate 62 + -192 + 61 + -2 + 0.
-71
Calculate 2 - -9 - ((40 - 55) + -2) - -1.
29
What is (-28 - -46 - 36) + -9 + -23?
-50
Calculate (2 - (-2 - 4)) + 38 + -23.
23
3 + -1 - 4 - (48 + -32 + -62)
44
What is the value of (-127 - (14 + (6 - (15 - 8)))) + 1 + 0?
-139
27 + (31 - 56) + -53 + 92
41
What is -27 + 2 + 19 - -17 - -43?
54
(3 - -76) + (982 - 1018)
43
Calculate 13 + (11 + -3 + 6 - (-27 - -31)).
23
28 - ((1 - 0) + 2 + (1 - -8) + -16)
32
Calculate 54 + -6 + (2 - 19 - -12 - -14).
57
Evaluate 13 + 9 + (-3 - 2) + 77 + -40.
54
What is the value of -31 + (4 + -4 + -3 - -14)?
-20
Calculate 25 - -12 - (186 - 74).
-75
Calculate -19 + -11 + (-25 - -2) + 1 + 15.
-37
Calculate 6 + 0 + -3 - (3 - 7 - (-90 + 60)).
-23
Evaluate (48 - 27 - 94) + 22 + 4 + -4.
-51
Evaluate (-16 - -7) + -4 + (-5 - ((3 - 5) + 59)).
-75
Evaluate -14 + -69 + 3 - (-42 + -6 + 23).
-55
Evaluate -6 + (-1 - -1) - (-33 - (-18 + -27 + 28)).
10
Calculate -7 + -9 + 13 - (4 + -1 + -52).
46
45 + -63 - -12 - -51
45
What is 11 + -5 + ((-12 - -17 - 12) + 26 - 2)?
23
-23 + (49 - 77) + 18 + -3
-36
What is the value of 2 - ((532 - 523) + 1 + -13)?
5
What is 7 + (-36 - 2) + -10 + 11?
-30
What is the value of -22 + 13 + 6 + (19 - (94 + 1))?
-79
Calculate 66 - (21 - (-22 + (31 - -2))).
56
Evaluate -26 - (81 - 63) - -34.
-10
Calculate -107 + -119 + 75 - -75.
-76
What is the value of -32 + (6 + 11 - 3) - -7 - 56?
-67
-2 + 68 + -4 + 0 + -9 + (-116 - -127)
64
-7 + 88 + -2 + (4 - 10) + (-1 - -4)
76
What is the value of (162 - 228) + (-1 - 2 - (0 + 6 - 7))?
-68
Calculate (116 + -46 - 102) + -75.
-107
Evaluate -21 - (11 + (-30 - 9)) - (0 - -121).
-114
Calculate (-83 - -88) + (-27 - (0 - 0)) + 11.
-11
What is the value of 22 + 52 - -20 - (-4 - -7)?
91
Calculate (34 + 16 - -19) + -3 + 0 + (18 - 13).
71
What is the value of 34 - 65 - -31 - (-1 + (-1 - (-46 - 1)))?
-45
(0 + -27 - 15) + -5 + -14 + 21
-40
-32 + -15 - -27 - -45 - (7 - 21)
39
Evaluate -111 + 110 - ((-18 - (-4 + 1)) + -5).
19
What is (-1 - (0 + 116 + -9)) + 9 + -20 + 16?
-103
What is the value of (-1511 - -1513) + 5 + -95?
-88
Calculate (79 - 81 - 89) + 57.
-34
What is 1 + (-52 - -7) + 20 - (5 - 4 - 12)?
-13
What is the value of -10 + (-17 - -17 - -9)?
-1
What is the value of 58 + -81 + 60 + (-4 - -20)?
53
Evaluate (4 - (30 + 6) - -16) + (5 - -2).
-9
What is (40 + -59 - 40) + 46?
-13
Calculate 44 + 107 + -132 + -44.
-25
Calculate 29 - (4 - (6 + -29 - -1)).
3
(52 - (-51 + 150)) + (1 - -12)
-34
What is 11 + (21 - -3) + -6 + (9 - -4)?
42
What is (0 - 78) + -24153 + 24109?
-122
What is (-18 - -19) + (-4 - (12 + 0)) + 5 - -110?
100
Evaluate (2 + 1 - 12) + (-4 - 2 - -13 - 1).
-3
What is 3 - (8 - (-92 + 66 + (-2 - 10)))?
-43
What is the value of 7 + -4 + -3 - (-2 - -51)?
-49
What is the value of 20 + 14 + -29 + 13 + -22?
-4
Calculate 68 - (16 + (0 - -1) + 11 + -11).
51
-70 + 93 + (-6 + -5 - -6)
18
What is the value of -5 + (31 - 30) - -45?
41
71 - (-25 - -1 - (777 + -787))
85
What is the value of 44 - ((0 - (-2 + -1 + 11)) + (36 - 39))?
55
Calculate -10 + (19 - (-3 - 5 - -46 - 17)).
-12
What is the value of 15 + 6 + -32 + 118 + -86?
21
15 + (-21 - -3 - (13 - 34 - -14 - -1))
3
What is -32 + (6 - (-4 - -12))?
-34
What is 4 + 18 - ((-51 - -31) + 13 + 8)?
21
Evaluate 27 + -84 + -34 + (-32 - -36).
-87
-106 - 0 - (-142 - 27)
63
What is (-37 - (-77 - 5)) + -86?
-41
Evaluate (-1 - -10) + -87 - (-27 - -30) - (-11 + 3).
-73
-27 + 13 + 8 + 14 + 44
52
Evaluate 613 + -656 + (0 - 24).
-67
Calculate 2 + 1 + 13 + (-2 - (14 + -27)) + -9.
18
What is the value of 78 - (-13 + (2 - -21) + (3 - 9))?
74
Calculate 22 - (19 + (20 - 5)).
-12
-42 + (-54 - (-51 + -54))
9
(-22 + 72 - (-6 + 27)) + -62
-33
Calculate -30 - 2 - ((-1 + 0 - -1) + (222 - 216)).
-38
13 + (-3 - (-6 + 26)) + 18
8
Calculate 4 - (2 + -33 + 43 - (1 + 4) - 0).
-3
(0 - -8) + -6 + (-9 - -5 - -12 - 4)
6
What is 171 - 68 - (8 - (-4 + -21))?
70
Evaluate 3 - 5 - (4 + 7 + -63 - (-1 + -3)).
46
What is the value of -21 + 57 + (-17 - (-12 + 0))?
31
What is the value of -1 + -72 + (44 - 21 - (17 + 3 + 3))?
-73
Evaluate -4 - (-11 - -46) - (-112 - -135).
-62
Calculate 8 + 10 + -10 + -2 - 7.
-1
Calculate -1 - 34 - (98 + -26 + -151).
44
Evaluate 2 + (83 + -55 - 44).
-14
What is -1 - 12 - (96 + (19 - 105))?
-23
Evaluate -20 + (-42 - 103 - -305).
140
(49 + 47 - 16) + -89
-9
Calculate (85 + -77 - (-8 - -13)) + 3.
6
Evaluate 9 - (73 + 17 + ((-12 - -8) + -2 - 3)).
-72
Calculate (-13 - (-21 - (-1 + -13))) + -37.
-43
What is the val